{"id":95,"date":"2017-08-17T17:31:26","date_gmt":"2017-08-17T15:31:26","guid":{"rendered":"http:\/\/oliviamolnar.be\/?page_id=95"},"modified":"2024-04-23T15:13:03","modified_gmt":"2024-04-23T13:13:03","slug":"a-propos","status":"publish","type":"page","link":"https:\/\/oliviamolnar.be\/index.php\/a-propos\/","title":{"rendered":"About"},"content":{"rendered":"\t\t<div data-elementor-type=\"wp-post\" data-elementor-id=\"95\" class=\"elementor elementor-95\">\n\t\t\t\t\t\t<section class=\"elementor-section elementor-top-section elementor-element elementor-element-ad86b8a elementor-section-boxed elementor-section-height-default elementor-section-height-default\" data-id=\"ad86b8a\" data-element_type=\"section\">\n\t\t\t\t\t\t<div class=\"elementor-container elementor-column-gap-default\">\n\t\t\t\t\t<div class=\"elementor-column elementor-col-100 elementor-top-column elementor-element elementor-element-1b3d318\" data-id=\"1b3d318\" data-element_type=\"column\">\n\t\t\t<div class=\"elementor-widget-wrap elementor-element-populated\">\n\t\t\t\t\t\t<div class=\"elementor-element elementor-element-fe89092 elementor-widget elementor-widget-spacer\" data-id=\"fe89092\" data-element_type=\"widget\" data-widget_type=\"spacer.default\">\n\t\t\t\t<div class=\"elementor-widget-container\">\n\t\t\t\t\t<div class=\"elementor-spacer\">\n\t\t\t<div class=\"elementor-spacer-inner\"><\/div>\n\t\t<\/div>\n\t\t\t\t<\/div>\n\t\t\t\t<\/div>\n\t\t\t\t<section class=\"elementor-section elementor-inner-section elementor-element elementor-element-8127096 elementor-section-boxed elementor-section-height-default elementor-section-height-default\" data-id=\"8127096\" data-element_type=\"section\">\n\t\t\t\t\t\t<div class=\"elementor-container elementor-column-gap-default\">\n\t\t\t\t\t<div class=\"elementor-column elementor-col-50 elementor-inner-column elementor-element elementor-element-75ae429\" data-id=\"75ae429\" data-element_type=\"column\">\n\t\t\t<div class=\"elementor-widget-wrap elementor-element-populated\">\n\t\t\t\t\t\t<div class=\"elementor-element elementor-element-1560f96 elementor-widget__width-initial elementor-widget elementor-widget-image\" data-id=\"1560f96\" data-element_type=\"widget\" data-widget_type=\"image.default\">\n\t\t\t\t<div class=\"elementor-widget-container\">\n\t\t\t\t\t\t\t\t\t\t\t\t\t<img fetchpriority=\"high\" decoding=\"async\" width=\"640\" height=\"480\" src=\"https:\/\/oliviamolnar.be\/wp-content\/uploads\/2017\/08\/Foto-del-66348817-05-2456805-alle-1825.jpg\" class=\"attachment-medium_large size-medium_large wp-image-227\" alt=\"\" \/>\t\t\t\t\t\t\t\t\t\t\t\t\t<\/div>\n\t\t\t\t<\/div>\n\t\t\t\t\t<\/div>\n\t\t<\/div>\n\t\t\t\t<div class=\"elementor-column elementor-col-50 elementor-inner-column elementor-element elementor-element-ff22ecb\" data-id=\"ff22ecb\" data-element_type=\"column\">\n\t\t\t<div class=\"elementor-widget-wrap elementor-element-populated\">\n\t\t\t\t\t\t<div class=\"elementor-element elementor-element-26be4ce elementor-widget__width-initial elementor-widget elementor-widget-text-editor\" data-id=\"26be4ce\" data-element_type=\"widget\" data-widget_type=\"text-editor.default\">\n\t\t\t\t<div class=\"elementor-widget-container\">\n\t\t\t\t\t\t\t<h3>Olivia Moln\u00e0r <\/h3><p>Artiste d\u2019origine italienne bas\u00e9e \u00e0 Bruxelles. Ma pratique artistique s\u2019\u00e9tend de la vid\u00e9o au th\u00e9\u00e2tre d\u2019objets, en m\u00e9langeant cin\u00e9ma d\u2019animation, d\u00e9marches documentaires, dessin, chant et \u00e9criture. Je m\u2019int\u00e9resse notamment aux th\u00e9matiques de la m\u00e9moire, les habitats collectifs, les mythes et la botanique urbaine sauvage. Je fais partie du collectif Arg(Animation Research Group). <\/p>\t\t\t\t\t\t<\/div>\n\t\t\t\t<\/div>\n\t\t\t\t\t<\/div>\n\t\t<\/div>\n\t\t\t\t\t<\/div>\n\t\t<\/section>\n\t\t\t\t<div class=\"elementor-element elementor-element-e22fc88 elementor-widget elementor-widget-spacer\" data-id=\"e22fc88\" data-element_type=\"widget\" data-widget_type=\"spacer.default\">\n\t\t\t\t<div class=\"elementor-widget-container\">\n\t\t\t\t\t<div class=\"elementor-spacer\">\n\t\t\t<div class=\"elementor-spacer-inner\"><\/div>\n\t\t<\/div>\n\t\t\t\t<\/div>\n\t\t\t\t<\/div>\n\t\t\t\t<div class=\"elementor-element elementor-element-e7bcb78 elementor-widget-divider--view-line elementor-widget elementor-widget-divider\" data-id=\"e7bcb78\" data-element_type=\"widget\" data-widget_type=\"divider.default\">\n\t\t\t\t<div class=\"elementor-widget-container\">\n\t\t\t\t\t<div class=\"elementor-divider\">\n\t\t\t<span class=\"elementor-divider-separator\">\n\t\t\t\t\t\t<\/span>\n\t\t<\/div>\n\t\t\t\t<\/div>\n\t\t\t\t<\/div>\n\t\t\t\t<div class=\"elementor-element elementor-element-b12185e elementor-widget elementor-widget-text-editor\" data-id=\"b12185e\" data-element_type=\"widget\" data-widget_type=\"text-editor.default\">\n\t\t\t\t<div class=\"elementor-widget-container\">\n\t\t\t\t\t\t\t<h3>Contact :<br><\/h3>\n<p><span style=\"text-decoration: underline;\">olivia.molnar1@gmail.com<\/span><\/p>&nbsp;\t\t\t\t\t\t<\/div>\n\t\t\t\t<\/div>\n\t\t\t\t<div class=\"elementor-element elementor-element-60a32ce elementor-widget-divider--view-line elementor-widget elementor-widget-divider\" data-id=\"60a32ce\" data-element_type=\"widget\" data-widget_type=\"divider.default\">\n\t\t\t\t<div class=\"elementor-widget-container\">\n\t\t\t\t\t<div class=\"elementor-divider\">\n\t\t\t<span class=\"elementor-divider-separator\">\n\t\t\t\t\t\t<\/span>\n\t\t<\/div>\n\t\t\t\t<\/div>\n\t\t\t\t<\/div>\n\t\t\t\t<div class=\"elementor-element elementor-element-b51d1a0 elementor-widget elementor-widget-spacer\" data-id=\"b51d1a0\" data-element_type=\"widget\" data-widget_type=\"spacer.default\">\n\t\t\t\t<div class=\"elementor-widget-container\">\n\t\t\t\t\t<div class=\"elementor-spacer\">\n\t\t\t<div class=\"elementor-spacer-inner\"><\/div>\n\t\t<\/div>\n\t\t\t\t<\/div>\n\t\t\t\t<\/div>\n\t\t\t\t<div class=\"elementor-element elementor-element-c7ea546 elementor-widget elementor-widget-text-editor\" data-id=\"c7ea546\" data-element_type=\"widget\" data-widget_type=\"text-editor.default\">\n\t\t\t\t<div class=\"elementor-widget-container\">\n\t\t\t\t\t\t\t<h3>CV<\/h3><div>\u00a0<\/div><p>\u00a0<\/p><p>EXPOSITIONS\/RESIDENCES<\/p><p>2023 Expo &#8220;Herbier de l&#8217;invisible&#8221; Galerie Atelier 20 (Vevey); Participation au Festival d&#8217;illustration Pictobello (Vevey) pour la r\u00e9alisation d&#8217;une fresque en collage avec Zorg Munuera.<br \/>2021 Residence \u00e0 la Friche de la Belle de Mai (Marseille) et \u00e0 la Minoterie (Dijon), pour spectacle <em>R\u00e9presentation<\/em> avec Cie Skappa! ;<br \/>2020 Residence \u00e0 la Friche de la Belle de Mai (Marseille), pour spectacle <em>Click!<\/em> avec Cie Skappa! ;<br \/>2019 Performance et expo \u00e0 Project(ion) Room (Bruxelles), <em>Qu\u2019est ce que Chris Marker nous fait faire?<\/em> avec le collectif Arg ;<br \/>2018 R\u00e9sidence et expo \u00e0 Bozar (Bruxelles) projet <em>Iceberg<\/em>, dans le cadre de l\u2019expo <em>Chris Marker, memories of the future<\/em>, avec Arg ; Conference et expo aux Archives du Mundaneum (Mons), projet <em>R\u00e9pertoires anim\u00e9s<\/em> avec Arg ;<br \/>2017 R\u00e9sidence \u00e0 Khiasma (Paris), projet <em>R\u00e9pertoires anim\u00e9s<\/em> avec Arg ; Exposition \u00e0 la galerie Putsch (Bruxelles), projet <em>R\u00e9pertoires anim\u00e9s<\/em>, avec Arg ; Bourse A\/R pour le projet <em>Repertoires anim\u00e9s<\/em> avec Arg;<br \/>2015 R\u00e9sidence \u00e0 Khiasma (Paris) pour post-production du court-m\u00e8trage <em>Le dossier de Mari S.<\/em><\/p>\t\t\t\t\t\t<\/div>\n\t\t\t\t<\/div>\n\t\t\t\t<div class=\"elementor-element elementor-element-bd09ae7 elementor-widget elementor-widget-text-editor\" data-id=\"bd09ae7\" data-element_type=\"widget\" data-widget_type=\"text-editor.default\">\n\t\t\t\t<div class=\"elementor-widget-container\">\n\t\t\t\t\t\t\t<p>PUBLICATIONS<\/p>\n<p>2023 <em>Atlas des herbes de mauvaise vie<\/em>, avec Aldwin Raoul, livre illustr\u00e9 sur les plantes sauvages qui poussent dans le milieu urbain, Helice helas Editeur ;<\/p>\t\t\t\t\t\t<\/div>\n\t\t\t\t<\/div>\n\t\t\t\t<div class=\"elementor-element elementor-element-70ab33c elementor-widget elementor-widget-text-editor\" data-id=\"70ab33c\" data-element_type=\"widget\" data-widget_type=\"text-editor.default\">\n\t\t\t\t<div class=\"elementor-widget-container\">\n\t\t\t\t\t\t\t<div class=\"page\" title=\"Page 1\"><div class=\"section\"><div class=\"layoutArea\"><div class=\"column\"><p>RE\u0301ALISATIONS (clips, court-me\u0300trages, documentaires &amp; animations)<\/p><p>2022 Vid\u00e8o d\u2019animation pour Papier Machine ;<br \/>2021 Captation vid\u00e8o pour le spectacle <em>#Beautiful Alien Object<\/em> de Alessia Wyss ; vid\u00e9o d\u2019animation pour l\u2019ASBL l\u2019Espace du Lien (3\u2019) ;<br \/>2020 <em>Le jeu<\/em>, vid\u00e9o court-metrage (5\u201933\u201d) ;<br \/>2019 Vid\u00e9o d\u2019animation pour le projet <em>Nappes Parlantes<\/em> (3\u201924\u2019\u2019) ; <br \/>2018 Montage du court-m\u00e9trage <em>Lalla Buya, voix de femmes<\/em> produit par l\u2019Atelier Graphoui (20\u201930\u2019\u2019) ; <br \/>2016 <em>L\u2019altra met\u00e0 delle cose<\/em> (4\u201924), clip d\u2019animation pour le group musical Rosa Brunello y Los fermentos (Italie) ; <br \/>2015 <em>Le Dossier de Mari S.<\/em> (29\u2019), produit par Spectre production ;<br \/>2013 <em>Knall<\/em>, clip d\u2019animation pour le group musical Bevano est (Italie);<\/p><\/div><\/div><\/div><\/div>\t\t\t\t\t\t<\/div>\n\t\t\t\t<\/div>\n\t\t\t\t<div class=\"elementor-element elementor-element-16040d5 elementor-widget elementor-widget-text-editor\" data-id=\"16040d5\" data-element_type=\"widget\" data-widget_type=\"text-editor.default\">\n\t\t\t\t<div class=\"elementor-widget-container\">\n\t\t\t\t\t\t\t<p>PROJECTIONS\/FESTIVAL CINEMA<\/p><p>\u00a0Avec <em>Le Jeu<\/em><br \/>2022 Rencontres Internationales Traverse Vid\u00e9o (Toulouse, France) ;<br \/>\u00a0 Avec <em>Le dossier de Mari S.<\/em><br \/>2016\u00a0 Etats g\u00e9n\u00e9raux du film documentaire, (Lussas, France); Festival Terra di Cinema, (Paris); Conference\/Projection au Point Culture, (Louvain la Neuve, Belgique); <br \/>2015\u00a0 Torino Film Festival : Prix meilleur court-m\u00e9trage (Torino, Italie); Festival Hors Pistes (Bruxelles, Belgique); <br \/>\u00a0 Avec <em>Knall<\/em> <br \/>2013\u00a0 Piccolo Festival d\u2019Animazione (Udine, Italie).<\/p>\t\t\t\t\t\t<\/div>\n\t\t\t\t<\/div>\n\t\t\t\t<div class=\"elementor-element elementor-element-e8af968 elementor-widget elementor-widget-text-editor\" data-id=\"e8af968\" data-element_type=\"widget\" data-widget_type=\"text-editor.default\">\n\t\t\t\t<div class=\"elementor-widget-container\">\n\t\t\t\t\t\t\t<p>FESTIVAL THEATRE<\/p><p>Avec <em>Les petits suicides<\/em><\/p><p>2023 Abstract Festival (Budapest, Hongrie); Festival Citt\u00e0 Visibili (Rimini, Italie); Festival L&#8217;Altra Scena (Piacenza, Italie)<br \/>2021 ILT Festival (Aarhus, Danemark); Insolito Festival (Parme, Italie); Mascareddas Festival (Cagliari, Italie);<br \/>2020 Festival GreliGrelo (Apt, France); <br \/>2019 Festival Nuovi Fantasmi (Campsirago, Italie).<\/p>\t\t\t\t\t\t<\/div>\n\t\t\t\t<\/div>\n\t\t\t\t<div class=\"elementor-element elementor-element-4f411b5 elementor-widget elementor-widget-text-editor\" data-id=\"4f411b5\" data-element_type=\"widget\" data-widget_type=\"text-editor.default\">\n\t\t\t\t<div class=\"elementor-widget-container\">\n\t\t\t\t\t\t\t<p>AUTRES EXP\u00c9RIENCES PROFESSIONNELLES &amp; PROJETS<\/p><p>&#8211; F\u00e9vrier 2023-mars 2024 Assistent de recherche et responsable cr\u00e9ation audiovisuelle \u00e0 Uclouvain (projet 202CM &#8211; Overcoming obstacles and disincentives to Climate Mitigation)<br \/>&#8211; F\u00e9vrier-juin 2022 puis F\u00e9vrier 2023 Professeure conf\u00e9renci\u00e8re en Atelier Pluridisciplinaire de Narration \u00e0 l\u2019Erg &#8211; \u00c9cole de recherche graphique ;<br \/>&#8211; Nombreuses exp\u00e9riences comme animatrice d\u2019ateliers artistiques pour enfants et adultes (la Minoterie, Dijon; Atelier Graphoui, Bruxelles; l\u2019Entrel\u00e0, Bruxelles; Ateliers d\u2019art de la Baraque, Louvain la Neuve;&#8230;) ;<br \/>&#8211; Membre de la Chorale Cheval, troupe h\u00e9t\u00e9roclite d\u2019acolytes, qui chante dans les rues de Bruxelles;<\/p>\t\t\t\t\t\t<\/div>\n\t\t\t\t<\/div>\n\t\t\t\t<div class=\"elementor-element elementor-element-975c042 elementor-widget elementor-widget-text-editor\" data-id=\"975c042\" data-element_type=\"widget\" data-widget_type=\"text-editor.default\">\n\t\t\t\t<div class=\"elementor-widget-container\">\n\t\t\t\t\t\t\t<p>\u00c9TUDES ET FORMATION<\/p><p>2022 Selectionn\u00e9e au programme de SIC &#8211; SoundImageCulture.<br \/>2021 Formation en Vid\u00e9o, Ecole de photographie et techniques visuelles Agn\u00e8s Varda (Bruxelles); <br \/>2015 Dipl\u00f4me de Master en Narration sp\u00e9culative, option cin\u00e8ma d\u2019animation, Erg &#8211; Ecole de recherche graphique (Bruxelles);<br \/>2013 Dipl\u00f4me BAC+3 en Arts Visuels et du Spectacle, Universit\u00e9 IUAV de (Venise, Italie);<\/p>\t\t\t\t\t\t<\/div>\n\t\t\t\t<\/div>\n\t\t\t\t<div class=\"elementor-element elementor-element-1bf115f elementor-widget elementor-widget-spacer\" data-id=\"1bf115f\" data-element_type=\"widget\" data-widget_type=\"spacer.default\">\n\t\t\t\t<div class=\"elementor-widget-container\">\n\t\t\t\t\t<div class=\"elementor-spacer\">\n\t\t\t<div class=\"elementor-spacer-inner\"><\/div>\n\t\t<\/div>\n\t\t\t\t<\/div>\n\t\t\t\t<\/div>\n\t\t\t\t\t<\/div>\n\t\t<\/div>\n\t\t\t\t\t<\/div>\n\t\t<\/section>\n\t\t\t\t<section class=\"elementor-section elementor-top-section elementor-element elementor-element-75e31e3 elementor-section-boxed elementor-section-height-default elementor-section-height-default\" data-id=\"75e31e3\" data-element_type=\"section\">\n\t\t\t\t\t\t<div class=\"elementor-container elementor-column-gap-default\">\n\t\t\t\t\t<div class=\"elementor-column elementor-col-100 elementor-top-column elementor-element elementor-element-826b2e0\" data-id=\"826b2e0\" data-element_type=\"column\">\n\t\t\t<div class=\"elementor-widget-wrap elementor-element-populated\">\n\t\t\t\t\t\t<div class=\"elementor-element elementor-element-c8beadc elementor-widget elementor-widget-image\" data-id=\"c8beadc\" data-element_type=\"widget\" data-widget_type=\"image.default\">\n\t\t\t\t<div class=\"elementor-widget-container\">\n\t\t\t\t\t\t\t\t\t\t\t\t\t<img decoding=\"async\" width=\"2551\" height=\"1360\" src=\"https:\/\/oliviamolnar.be\/wp-content\/uploads\/2022\/09\/Schermata-2022-06-25-alle-18.37.49.png\" class=\"attachment-full size-full wp-image-597\" alt=\"\" \/>\t\t\t\t\t\t\t\t\t\t\t\t\t<\/div>\n\t\t\t\t<\/div>\n\t\t\t\t\t<\/div>\n\t\t<\/div>\n\t\t\t\t\t<\/div>\n\t\t<\/section>\n\t\t\t\t<section class=\"elementor-section elementor-top-section elementor-element elementor-element-51106b6 elementor-section-boxed elementor-section-height-default elementor-section-height-default\" data-id=\"51106b6\" data-element_type=\"section\">\n\t\t\t\t\t\t<div class=\"elementor-container elementor-column-gap-default\">\n\t\t\t\t\t<div class=\"elementor-column elementor-col-100 elementor-top-column elementor-element elementor-element-1feae69\" data-id=\"1feae69\" data-element_type=\"column\">\n\t\t\t<div class=\"elementor-widget-wrap elementor-element-populated\">\n\t\t\t\t\t\t<div class=\"elementor-element elementor-element-ce5a776 elementor-widget elementor-widget-spacer\" data-id=\"ce5a776\" data-element_type=\"widget\" data-widget_type=\"spacer.default\">\n\t\t\t\t<div class=\"elementor-widget-container\">\n\t\t\t\t\t<div class=\"elementor-spacer\">\n\t\t\t<div class=\"elementor-spacer-inner\"><\/div>\n\t\t<\/div>\n\t\t\t\t<\/div>\n\t\t\t\t<\/div>\n\t\t\t\t\t<\/div>\n\t\t<\/div>\n\t\t\t\t\t<\/div>\n\t\t<\/section>\n\t\t\t\t<\/div>\n\t\t","protected":false},"excerpt":{"rendered":"<p>Olivia Moln\u00e0r Artiste d\u2019origine italienne bas\u00e9e \u00e0 Bruxelles. Ma pratique artistique s\u2019\u00e9tend de la vid\u00e9o au th\u00e9\u00e2tre d\u2019objets, en m\u00e9langeant cin\u00e9ma d\u2019animation, d\u00e9marches documentaires, dessin, chant et \u00e9criture. Je m\u2019int\u00e9resse notamment aux th\u00e9matiques de la m\u00e9moire, les habitats collectifs, les mythes et la botanique urbaine sauvage. Je fais partie du collectif Arg(Animation Research Group). Contact [&hellip;]<\/p>\n","protected":false},"author":1,"featured_media":0,"parent":0,"menu_order":0,"comment_status":"closed","ping_status":"closed","template":"","meta":{"footnotes":""},"class_list":["post-95","page","type-page","status-publish","hentry"],"rttpg_featured_image_url":null,"rttpg_author":{"display_name":"admin9754","author_link":"https:\/\/oliviamolnar.be\/index.php\/author\/admin9754\/"},"rttpg_comment":0,"rttpg_category":null,"rttpg_excerpt":"Olivia Moln\u00e0r Artiste d\u2019origine italienne bas\u00e9e \u00e0 Bruxelles. Ma pratique artistique s\u2019\u00e9tend de la vid\u00e9o au th\u00e9\u00e2tre d\u2019objets, en m\u00e9langeant cin\u00e9ma d\u2019animation, d\u00e9marches documentaires, dessin, chant et \u00e9criture. Je m\u2019int\u00e9resse notamment aux th\u00e9matiques de la m\u00e9moire, les habitats collectifs, les mythes et la botanique urbaine sauvage. Je fais partie du collectif Arg(Animation Research Group). Contact&hellip;","_links":{"self":[{"href":"https:\/\/oliviamolnar.be\/index.php\/wp-json\/wp\/v2\/pages\/95","targetHints":{"allow":["GET"]}}],"collection":[{"href":"https:\/\/oliviamolnar.be\/index.php\/wp-json\/wp\/v2\/pages"}],"about":[{"href":"https:\/\/oliviamolnar.be\/index.php\/wp-json\/wp\/v2\/types\/page"}],"author":[{"embeddable":true,"href":"https:\/\/oliviamolnar.be\/index.php\/wp-json\/wp\/v2\/users\/1"}],"replies":[{"embeddable":true,"href":"https:\/\/oliviamolnar.be\/index.php\/wp-json\/wp\/v2\/comments?post=95"}],"version-history":[{"count":71,"href":"https:\/\/oliviamolnar.be\/index.php\/wp-json\/wp\/v2\/pages\/95\/revisions"}],"predecessor-version":[{"id":838,"href":"https:\/\/oliviamolnar.be\/index.php\/wp-json\/wp\/v2\/pages\/95\/revisions\/838"}],"wp:attachment":[{"href":"https:\/\/oliviamolnar.be\/index.php\/wp-json\/wp\/v2\/media?parent=95"}],"curies":[{"name":"wp","href":"https:\/\/api.w.org\/{rel}","templated":true}]}}