{"id":787,"date":"2024-04-23T12:22:41","date_gmt":"2024-04-23T10:22:41","guid":{"rendered":"https:\/\/oliviamolnar.be\/?page_id=787"},"modified":"2024-04-23T13:32:51","modified_gmt":"2024-04-23T11:32:51","slug":"erg-2014","status":"publish","type":"page","link":"https:\/\/oliviamolnar.be\/index.php\/erg-2014\/","title":{"rendered":"ERG 2014"},"content":{"rendered":"\t\t<div data-elementor-type=\"wp-page\" data-elementor-id=\"787\" class=\"elementor elementor-787\">\n\t\t\t\t\t\t<section class=\"elementor-section elementor-top-section elementor-element elementor-element-a6867c5 elementor-section-boxed elementor-section-height-default elementor-section-height-default\" data-id=\"a6867c5\" data-element_type=\"section\">\n\t\t\t\t\t\t<div class=\"elementor-container elementor-column-gap-default\">\n\t\t\t\t\t<div class=\"elementor-column elementor-col-100 elementor-top-column elementor-element elementor-element-e001a68\" data-id=\"e001a68\" data-element_type=\"column\">\n\t\t\t<div class=\"elementor-widget-wrap elementor-element-populated\">\n\t\t\t\t\t\t<div class=\"elementor-element elementor-element-edc626a elementor-widget elementor-widget-spacer\" data-id=\"edc626a\" data-element_type=\"widget\" data-widget_type=\"spacer.default\">\n\t\t\t\t<div class=\"elementor-widget-container\">\n\t\t\t\t\t<div class=\"elementor-spacer\">\n\t\t\t<div class=\"elementor-spacer-inner\"><\/div>\n\t\t<\/div>\n\t\t\t\t<\/div>\n\t\t\t\t<\/div>\n\t\t\t\t<div class=\"elementor-element elementor-element-e752236 elementor-widget elementor-widget-text-editor\" data-id=\"e752236\" data-element_type=\"widget\" data-widget_type=\"text-editor.default\">\n\t\t\t\t<div class=\"elementor-widget-container\">\n\t\t\t\t\t\t\t<div>\n<div dir=\"auto\" data-message-author-role=\"assistant\" data-message-id=\"9b76a36f-c0af-4aac-b1bf-54594e43923e\">\n<div>\n<p>Pendant mes \u00e9tudes \u00e0 l\u2019ERG de Bruxelles en 2014, j&#8217;ai d\u00e9velopp\u00e9 une s\u00e9rie de performances mettant en \u0153uvre un dispositif de table lumineuse. L&#8217;une d&#8217;entre elles, intitul\u00e9e &#8220;<i>Fen\u00eatres<\/i>&#8220;, \u00e9tait con\u00e7ue pour \u00eatre projet\u00e9e depuis une fen\u00eatre de maison, transformant ainsi les passants attendant le tramway en spectateurs involontaires de la performance se d\u00e9roulant \u00e0 l&#8217;int\u00e9rieur. Les deux autres performances, &#8220;<i>Ehm<\/i>&#8221; et &#8220;<i>Sans Titre<\/i>&#8220;, explorent la notion de m\u00e9moire et mon histoire familiale. Ces travaux ont par la suite donn\u00e9 naissance au court-m\u00e9trage d&#8217;animation &#8220;<i>Mari S<\/i>&#8220;.<\/p>\n<\/div>\n<\/div>\n<\/div>\t\t\t\t\t\t<\/div>\n\t\t\t\t<\/div>\n\t\t\t\t<div class=\"elementor-element elementor-element-e197c81 elementor-widget elementor-widget-spacer\" data-id=\"e197c81\" data-element_type=\"widget\" data-widget_type=\"spacer.default\">\n\t\t\t\t<div class=\"elementor-widget-container\">\n\t\t\t\t\t<div class=\"elementor-spacer\">\n\t\t\t<div class=\"elementor-spacer-inner\"><\/div>\n\t\t<\/div>\n\t\t\t\t<\/div>\n\t\t\t\t<\/div>\n\t\t\t\t<div class=\"elementor-element elementor-element-b079640 gallery-spacing-custom elementor-widget elementor-widget-image-gallery\" data-id=\"b079640\" data-element_type=\"widget\" data-widget_type=\"image-gallery.default\">\n\t\t\t\t<div class=\"elementor-widget-container\">\n\t\t\t\t\t<div class=\"elementor-image-gallery\">\n\t\t\t<div id='gallery-1' class='gallery galleryid-787 gallery-columns-2 gallery-size-large'><figure class='gallery-item'>\n\t\t\t<div class='gallery-icon landscape'>\n\t\t\t\t<a data-elementor-open-lightbox=\"yes\" data-elementor-lightbox-slideshow=\"b079640\" data-elementor-lightbox-title=\"DSC_3175\" data-e-action-hash=\"#elementor-action%3Aaction%3Dlightbox%26settings%3DeyJpZCI6NTksInVybCI6Imh0dHBzOlwvXC9vbGl2aWFtb2xuYXIuYmVcL3dwLWNvbnRlbnRcL3VwbG9hZHNcLzIwMTdcLzA4XC9EU0NfMzE3NS5qcGciLCJzbGlkZXNob3ciOiJiMDc5NjQwIn0%3D\" href='https:\/\/oliviamolnar.be\/wp-content\/uploads\/2017\/08\/DSC_3175.jpg'><img fetchpriority=\"high\" decoding=\"async\" width=\"800\" height=\"450\" src=\"https:\/\/oliviamolnar.be\/wp-content\/uploads\/2017\/08\/DSC_3175-1024x576.jpg\" class=\"attachment-large size-large\" alt=\"\" \/><\/a>\n\t\t\t<\/div><\/figure><figure class='gallery-item'>\n\t\t\t<div class='gallery-icon landscape'>\n\t\t\t\t<a data-elementor-open-lightbox=\"yes\" data-elementor-lightbox-slideshow=\"b079640\" data-elementor-lightbox-title=\"DSC_7282\" data-e-action-hash=\"#elementor-action%3Aaction%3Dlightbox%26settings%3DeyJpZCI6MzAyLCJ1cmwiOiJodHRwczpcL1wvb2xpdmlhbW9sbmFyLmJlXC93cC1jb250ZW50XC91cGxvYWRzXC8yMDE4XC8wNFwvRFNDXzcyODIuanBnIiwic2xpZGVzaG93IjoiYjA3OTY0MCJ9\" href='https:\/\/oliviamolnar.be\/wp-content\/uploads\/2018\/04\/DSC_7282.jpg'><img decoding=\"async\" width=\"800\" height=\"450\" src=\"https:\/\/oliviamolnar.be\/wp-content\/uploads\/2018\/04\/DSC_7282-845x475.jpg\" class=\"attachment-large size-large\" alt=\"\" \/><\/a>\n\t\t\t<\/div><\/figure>\n\t\t<\/div>\n\t\t<\/div>\n\t\t\t\t<\/div>\n\t\t\t\t<\/div>\n\t\t\t\t<div class=\"elementor-element elementor-element-4ae99a1 elementor-widget elementor-widget-text-editor\" data-id=\"4ae99a1\" data-element_type=\"widget\" data-widget_type=\"text-editor.default\">\n\t\t\t\t<div class=\"elementor-widget-container\">\n\t\t\t\t\t\t\t<p><em>Fen\u00eatres<\/em>, Boulevard General Jaques<\/p>\t\t\t\t\t\t<\/div>\n\t\t\t\t<\/div>\n\t\t\t\t<div class=\"elementor-element elementor-element-e42f36c gallery-spacing-custom elementor-widget elementor-widget-image-gallery\" data-id=\"e42f36c\" data-element_type=\"widget\" data-widget_type=\"image-gallery.default\">\n\t\t\t\t<div class=\"elementor-widget-container\">\n\t\t\t\t\t<div class=\"elementor-image-gallery\">\n\t\t\t<div id='gallery-2' class='gallery galleryid-787 gallery-columns-2 gallery-size-large'><figure class='gallery-item'>\n\t\t\t<div class='gallery-icon landscape'>\n\t\t\t\t<a data-elementor-open-lightbox=\"yes\" data-elementor-lightbox-slideshow=\"e42f36c\" data-elementor-lightbox-title=\"7\" data-e-action-hash=\"#elementor-action%3Aaction%3Dlightbox%26settings%3DeyJpZCI6MTI0LCJ1cmwiOiJodHRwczpcL1wvb2xpdmlhbW9sbmFyLmJlXC93cC1jb250ZW50XC91cGxvYWRzXC8yMDE3XC8wOFwvNy5wbmciLCJzbGlkZXNob3ciOiJlNDJmMzZjIn0%3D\" href='https:\/\/oliviamolnar.be\/wp-content\/uploads\/2017\/08\/7.png'><img decoding=\"async\" width=\"800\" height=\"500\" src=\"https:\/\/oliviamolnar.be\/wp-content\/uploads\/2017\/08\/7-845x528.png\" class=\"attachment-large size-large\" alt=\"\" \/><\/a>\n\t\t\t<\/div><\/figure><figure class='gallery-item'>\n\t\t\t<div class='gallery-icon landscape'>\n\t\t\t\t<a data-elementor-open-lightbox=\"yes\" data-elementor-lightbox-slideshow=\"e42f36c\" data-elementor-lightbox-title=\"1\" data-e-action-hash=\"#elementor-action%3Aaction%3Dlightbox%26settings%3DeyJpZCI6MTIzLCJ1cmwiOiJodHRwczpcL1wvb2xpdmlhbW9sbmFyLmJlXC93cC1jb250ZW50XC91cGxvYWRzXC8yMDE3XC8wOFwvMS5wbmciLCJzbGlkZXNob3ciOiJlNDJmMzZjIn0%3D\" href='https:\/\/oliviamolnar.be\/wp-content\/uploads\/2017\/08\/1.png'><img loading=\"lazy\" decoding=\"async\" width=\"800\" height=\"500\" src=\"https:\/\/oliviamolnar.be\/wp-content\/uploads\/2017\/08\/1-845x528.png\" class=\"attachment-large size-large\" alt=\"\" \/><\/a>\n\t\t\t<\/div><\/figure>\n\t\t<\/div>\n\t\t<\/div>\n\t\t\t\t<\/div>\n\t\t\t\t<\/div>\n\t\t\t\t<div class=\"elementor-element elementor-element-0680a66 elementor-widget elementor-widget-text-editor\" data-id=\"0680a66\" data-element_type=\"widget\" data-widget_type=\"text-editor.default\">\n\t\t\t\t<div class=\"elementor-widget-container\">\n\t\t\t\t\t\t\t<p><em>Ehm<\/em>, Ecole de Recherche Graphique<\/p>\t\t\t\t\t\t<\/div>\n\t\t\t\t<\/div>\n\t\t\t\t<div class=\"elementor-element elementor-element-426b958 elementor-widget elementor-widget-video\" data-id=\"426b958\" data-element_type=\"widget\" data-settings=\"{&quot;video_type&quot;:&quot;vimeo&quot;}\" data-widget_type=\"video.default\">\n\t\t\t\t<div class=\"elementor-widget-container\">\n\t\t\t\t\t<div class=\"elementor-wrapper elementor-open-inline\">\n\t\t\t<iframe class=\"elementor-video-iframe\" allowfullscreen allow=\"clipboard-write\" title=\"vimeo Video Player\" src=\"https:\/\/player.vimeo.com\/video\/200486359?color&amp;autopause=0&amp;loop=0&amp;muted=0&amp;title=0&amp;portrait=0&amp;byline=1#t=\"><\/iframe>\t\t<\/div>\n\t\t\t\t<\/div>\n\t\t\t\t<\/div>\n\t\t\t\t<div class=\"elementor-element elementor-element-ab275c1 elementor-widget elementor-widget-text-editor\" data-id=\"ab275c1\" data-element_type=\"widget\" data-widget_type=\"text-editor.default\">\n\t\t\t\t<div class=\"elementor-widget-container\">\n\t\t\t\t\t\t\t<p><em>Sans Titre<\/em>, Ecole de Recherche Graphique<\/p>\t\t\t\t\t\t<\/div>\n\t\t\t\t<\/div>\n\t\t\t\t\t<\/div>\n\t\t<\/div>\n\t\t\t\t\t<\/div>\n\t\t<\/section>\n\t\t\t\t<\/div>\n\t\t","protected":false},"excerpt":{"rendered":"<p>Pendant mes \u00e9tudes \u00e0 l\u2019ERG de Bruxelles en 2014, j&#8217;ai d\u00e9velopp\u00e9 une s\u00e9rie de performances mettant en \u0153uvre un dispositif de table lumineuse. L&#8217;une d&#8217;entre elles, intitul\u00e9e &#8220;Fen\u00eatres&#8220;, \u00e9tait con\u00e7ue pour \u00eatre projet\u00e9e depuis une fen\u00eatre de maison, transformant ainsi les passants attendant le tramway en spectateurs involontaires de la performance se d\u00e9roulant \u00e0 l&#8217;int\u00e9rieur. [&hellip;]<\/p>\n","protected":false},"author":1,"featured_media":123,"parent":0,"menu_order":0,"comment_status":"closed","ping_status":"closed","template":"","meta":{"footnotes":""},"class_list":["post-787","page","type-page","status-publish","has-post-thumbnail","hentry"],"rttpg_featured_image_url":{"full":["https:\/\/oliviamolnar.be\/wp-content\/uploads\/2017\/08\/1.png",1280,800,false],"landscape":["https:\/\/oliviamolnar.be\/wp-content\/uploads\/2017\/08\/1.png",1280,800,false],"portraits":["https:\/\/oliviamolnar.be\/wp-content\/uploads\/2017\/08\/1.png",1280,800,false],"thumbnail":["https:\/\/oliviamolnar.be\/wp-content\/uploads\/2017\/08\/1-150x150.png",150,150,true],"medium":["https:\/\/oliviamolnar.be\/wp-content\/uploads\/2017\/08\/1-300x188.png",300,188,true],"large":["https:\/\/oliviamolnar.be\/wp-content\/uploads\/2017\/08\/1-845x528.png",800,500,true],"1536x1536":["https:\/\/oliviamolnar.be\/wp-content\/uploads\/2017\/08\/1.png",1280,800,false],"2048x2048":["https:\/\/oliviamolnar.be\/wp-content\/uploads\/2017\/08\/1.png",1280,800,false]},"rttpg_author":{"display_name":"admin9754","author_link":"https:\/\/oliviamolnar.be\/index.php\/author\/admin9754\/"},"rttpg_comment":0,"rttpg_category":null,"rttpg_excerpt":"Pendant mes \u00e9tudes \u00e0 l\u2019ERG de Bruxelles en 2014, j&#8217;ai d\u00e9velopp\u00e9 une s\u00e9rie de performances mettant en \u0153uvre un dispositif de table lumineuse. L&#8217;une d&#8217;entre elles, intitul\u00e9e &#8220;Fen\u00eatres&#8220;, \u00e9tait con\u00e7ue pour \u00eatre projet\u00e9e depuis une fen\u00eatre de maison, transformant ainsi les passants attendant le tramway en spectateurs involontaires de la performance se d\u00e9roulant \u00e0 l&#8217;int\u00e9rieur.&hellip;","_links":{"self":[{"href":"https:\/\/oliviamolnar.be\/index.php\/wp-json\/wp\/v2\/pages\/787","targetHints":{"allow":["GET"]}}],"collection":[{"href":"https:\/\/oliviamolnar.be\/index.php\/wp-json\/wp\/v2\/pages"}],"about":[{"href":"https:\/\/oliviamolnar.be\/index.php\/wp-json\/wp\/v2\/types\/page"}],"author":[{"embeddable":true,"href":"https:\/\/oliviamolnar.be\/index.php\/wp-json\/wp\/v2\/users\/1"}],"replies":[{"embeddable":true,"href":"https:\/\/oliviamolnar.be\/index.php\/wp-json\/wp\/v2\/comments?post=787"}],"version-history":[{"count":7,"href":"https:\/\/oliviamolnar.be\/index.php\/wp-json\/wp\/v2\/pages\/787\/revisions"}],"predecessor-version":[{"id":819,"href":"https:\/\/oliviamolnar.be\/index.php\/wp-json\/wp\/v2\/pages\/787\/revisions\/819"}],"wp:featuredmedia":[{"embeddable":true,"href":"https:\/\/oliviamolnar.be\/index.php\/wp-json\/wp\/v2\/media\/123"}],"wp:attachment":[{"href":"https:\/\/oliviamolnar.be\/index.php\/wp-json\/wp\/v2\/media?parent=787"}],"curies":[{"name":"wp","href":"https:\/\/api.w.org\/{rel}","templated":true}]}}